{"id":21,"date":"2020-02-11T19:22:49","date_gmt":"2020-02-11T19:22:49","guid":{"rendered":"http:\/\/localhost:8080\/lutte-aigle\/?page_id=21"},"modified":"2020-02-11T21:33:43","modified_gmt":"2020-02-11T21:33:43","slug":"entrainements","status":"publish","type":"page","link":"https:\/\/lutteurs-aigle.ch\/?page_id=21","title":{"rendered":"Entra\u00eenements"},"content":{"rendered":"<div id=\"themify_builder_content-21\" data-postid=\"21\" class=\"themify_builder_content themify_builder_content-21 themify_builder\">\n    \t<!-- module_row -->\n\t<div  class=\"themify_builder_row module_row clearfix module_row_0 themify_builder_21_row module_row_21-0 tb_gqcq486\">\n\t    \t    <div class=\"row_inner col_align_top\" >\n\t\t\t<div  class=\"module_column tb-column col-full first tb_21_column module_column_0 module_column_21-0-0 tb_kfxg487\">\n\t    \t    \t        <div class=\"tb-column-inner\">\n\t\t    <!-- module plain text -->\n<div  class=\"module module-plain-text tb_iq42834  \">\n        <div class=\"tb_text_wrap\" >\n\tEntrainements    <\/div>\n<\/div>\n<!-- \/module plain text --><!-- module text -->\n<div  class=\"module module-text tb_yv72425    \">\n            <div  class=\"tb_text_wrap\">\n    <p>Tu d\u00e9sires savoir si ce sport est fait pour toi, viens \u00e0 un entra\u00eenement. Ceux-ci se d\u00e9roulent le jeudi de 19h00 \u00e0 20h30 \u00e0 Illarsaz. Pour tout renseignement, tu peux contacter M. Harald CROPT au 079.209.10.03.<\/p>    <\/div>\n<\/div>\n<!-- \/module text -->\n<!-- module plain text -->\n<div  class=\"module module-plain-text tb_75k4986  \">\n        <div class=\"tb_text_wrap\" >\n\tNous trouvez    <\/div>\n<\/div>\n<!-- \/module plain text -->\t        <\/div>\n\t    \t<\/div>\n\t\t    <\/div>\n\t    <!-- \/row_inner -->\n\t<\/div>\n\t<!-- \/module_row -->\n\t\t<!-- module_row -->\n\t<div   class=\"themify_builder_row module_row clearfix fullwidth module_row_1 themify_builder_21_row module_row_21-1 tb_lgzj497\">\n\t    \t    <div class=\"row_inner col_align_top\" >\n\t\t\t<div  class=\"module_column tb-column col-full first tb_21_column module_column_0 module_column_21-1-0 tb_nppt499\">\n\t    \t    \t        <div class=\"tb-column-inner\">\n\t\t    <!-- module text -->\n<div  class=\"module module-text tb_phql525    \">\n            <div  class=\"tb_text_wrap\">\n    <p><iframe loading=\"lazy\" style=\"border: 0;\" src=\"https:\/\/www.google.com\/maps\/embed?pb=!1m14!1m8!1m3!1d1385.3560087646379!2d6.931296489611298!3d46.31295152804306!3m2!1i1024!2i768!4f13.1!3m3!1m2!1s0x478e9803986c7595%3A0xf20085adbefbc485!2sClub%20de%20lutte%20Illarsaz%20Haut-Lac!5e1!3m2!1sen!2sus!4v1581456737482!5m2!1sen!2sus\" width=\"100%\" height=\"500\" frameborder=\"0\" allowfullscreen=\"allowfullscreen\"><\/iframe><\/p>\n    <\/div>\n<\/div>\n<!-- \/module text -->\n\t        <\/div>\n\t    \t<\/div>\n\t\t    <\/div>\n\t    <!-- \/row_inner -->\n\t<\/div>\n\t<!-- \/module_row -->\n\t<\/div>\n","protected":false},"excerpt":{"rendered":"<p>Entrainements Tu d\u00e9sires savoir si ce sport est fait pour toi, viens \u00e0 un entra\u00eenement. Ceux-ci se d\u00e9roulent le jeudi de 19h00 \u00e0 20h30 \u00e0 Illarsaz. Pour tout renseignement, tu peux contacter M. Harald CROPT au 079.209.10.03. Nous trouvez<\/p>\n","protected":false},"author":1,"featured_media":0,"parent":0,"menu_order":0,"comment_status":"closed","ping_status":"closed","template":"","meta":[],"builder_content":"Entrainements\n<p>Tu d\u00e9sires savoir si ce sport est fait pour toi, viens \u00e0 un entra\u00eenement. Ceux-ci se d\u00e9roulent le jeudi de 19h00 \u00e0 20h30 \u00e0 Illarsaz. Pour tout renseignement, tu peux contacter M. Harald CROPT au 079.209.10.03.<\/p>\nNous trouvez\n<p><iframe loading=\"lazy\" style=\"border: 0;\" src=\"https:\/\/www.google.com\/maps\/embed?pb=!1m14!1m8!1m3!1d1385.3560087646379!2d6.931296489611298!3d46.31295152804306!3m2!1i1024!2i768!4f13.1!3m3!1m2!1s0x478e9803986c7595%3A0xf20085adbefbc485!2sClub%20de%20lutte%20Illarsaz%20Haut-Lac!5e1!3m2!1sen!2sus!4v1581456737482!5m2!1sen!2sus\" width=\"100%\" height=\"500\" frameborder=\"0\" allowfullscreen=\"allowfullscreen\"><\/iframe><\/p>","_links":{"self":[{"href":"https:\/\/lutteurs-aigle.ch\/index.php?rest_route=\/wp\/v2\/pages\/21"}],"collection":[{"href":"https:\/\/lutteurs-aigle.ch\/index.php?rest_route=\/wp\/v2\/pages"}],"about":[{"href":"https:\/\/lutteurs-aigle.ch\/index.php?rest_route=\/wp\/v2\/types\/page"}],"author":[{"embeddable":true,"href":"https:\/\/lutteurs-aigle.ch\/index.php?rest_route=\/wp\/v2\/users\/1"}],"replies":[{"embeddable":true,"href":"https:\/\/lutteurs-aigle.ch\/index.php?rest_route=%2Fwp%2Fv2%2Fcomments&post=21"}],"version-history":[{"count":2,"href":"https:\/\/lutteurs-aigle.ch\/index.php?rest_route=\/wp\/v2\/pages\/21\/revisions"}],"predecessor-version":[{"id":77,"href":"https:\/\/lutteurs-aigle.ch\/index.php?rest_route=\/wp\/v2\/pages\/21\/revisions\/77"}],"wp:attachment":[{"href":"https:\/\/lutteurs-aigle.ch\/index.php?rest_route=%2Fwp%2Fv2%2Fmedia&parent=21"}],"curies":[{"name":"wp","href":"https:\/\/api.w.org\/{rel}","templated":true}]}}

Entraînements

<div id="themify_builder_content-21" data-postid="21" class="themify_builder_content themify_builder_content-21 themify_builder">
    	<!-- module_row -->
	<div  class="themify_builder_row module_row clearfix module_row_0 themify_builder_21_row module_row_21-0 tb_gqcq486">
	    	    <div class="row_inner col_align_top" >
			<div  class="module_column tb-column col-full first tb_21_column module_column_0 module_column_21-0-0 tb_kfxg487">
	    	    	        <div class="tb-column-inner">
		    <!-- module plain text -->
<div  class="module module-plain-text tb_iq42834  ">
        <div class="tb_text_wrap" >
	Entrainements    </div>
</div>
<!-- /module plain text --><!-- module text -->
<div  class="module module-text tb_yv72425    ">
            <div  class="tb_text_wrap">
    <p>Tu désires savoir si ce sport est fait pour toi, viens à un entraînement. Ceux-ci se déroulent le jeudi de 19h00 à 20h30 à Illarsaz. Pour tout renseignement, tu peux contacter M. Harald CROPT au 079.209.10.03.</p>    </div>
</div>
<!-- /module text -->
<!-- module plain text -->
<div  class="module module-plain-text tb_75k4986  ">
        <div class="tb_text_wrap" >
	Nous trouvez    </div>
</div>
<!-- /module plain text -->	        </div>
	    	</div>
		    </div>
	    <!-- /row_inner -->
	</div>
	<!-- /module_row -->
		<!-- module_row -->
	<div   class="themify_builder_row module_row clearfix fullwidth module_row_1 themify_builder_21_row module_row_21-1 tb_lgzj497">
	    	    <div class="row_inner col_align_top" >
			<div  class="module_column tb-column col-full first tb_21_column module_column_0 module_column_21-1-0 tb_nppt499">
	    	    	        <div class="tb-column-inner">
		    <!-- module text -->
<div  class="module module-text tb_phql525    ">
            <div  class="tb_text_wrap">
    <p><iframe loading="lazy" style="border: 0;" src="https://www.google.com/maps/embed?pb=!1m14!1m8!1m3!1d1385.3560087646379!2d6.931296489611298!3d46.31295152804306!3m2!1i1024!2i768!4f13.1!3m3!1m2!1s0x478e9803986c7595%3A0xf20085adbefbc485!2sClub%20de%20lutte%20Illarsaz%20Haut-Lac!5e1!3m2!1sen!2sus!4v1581456737482!5m2!1sen!2sus" width="100%" height="500" frameborder="0" allowfullscreen="allowfullscreen"></iframe></p>
    </div>
</div>
<!-- /module text -->
	        </div>
	    	</div>
		    </div>
	    <!-- /row_inner -->
	</div>
	<!-- /module_row -->
	</div>

<p>Entrainements Tu désires savoir si ce sport est fait pour toi, viens à un entraînement. Ceux-ci se déroulent le jeudi de 19h00 à 20h30 à Illarsaz. Pour tout renseignement, tu peux contacter M. Harald CROPT au 079.209.10.03. Nous trouvez</p>

Entrainements
<p>Tu désires savoir si ce sport est fait pour toi, viens à un entraînement. Ceux-ci se déroulent le jeudi de 19h00 à 20h30 à Illarsaz. Pour tout renseignement, tu peux contacter M. Harald CROPT au 079.209.10.03.</p>
Nous trouvez
<p><iframe loading="lazy" style="border: 0;" src="https://www.google.com/maps/embed?pb=!1m14!1m8!1m3!1d1385.3560087646379!2d6.931296489611298!3d46.31295152804306!3m2!1i1024!2i768!4f13.1!3m3!1m2!1s0x478e9803986c7595%3A0xf20085adbefbc485!2sClub%20de%20lutte%20Illarsaz%20Haut-Lac!5e1!3m2!1sen!2sus!4v1581456737482!5m2!1sen!2sus" width="100%" height="500" frameborder="0" allowfullscreen="allowfullscreen"></iframe></p>
