{"id":13,"date":"2020-02-11T14:33:16","date_gmt":"2020-02-11T14:33:16","guid":{"rendered":"http:\/\/localhost:8080\/lutte-aigle\/?page_id=13"},"modified":"2024-05-08T06:04:57","modified_gmt":"2024-05-08T06:04:57","slug":"13-2","status":"publish","type":"page","link":"https:\/\/lutteurs-aigle.ch\/","title":{"rendered":"Accueil"},"content":{"rendered":"<div id=\"themify_builder_content-13\" data-postid=\"13\" class=\"themify_builder_content themify_builder_content-13 themify_builder\">\n    \t<!-- module_row -->\n\t<div   class=\"themify_builder_row module_row clearfix builder-parallax-scrolling fullheight fullwidth module_row_0 themify_builder_13_row module_row_13-0 tb_ib9a800\">\n\t    \t    <div class=\"row_inner col_align_top\" >\n\t\t\t<div  class=\"module_column tb-column col-full first tb_13_column module_column_0 module_column_13-0-0 tb_65za801\">\n\t    \t    \t        <div class=\"tb-column-inner\">\n\t\t    <!-- module plain text -->\n<div  class=\"module module-plain-text tb_b68x164  \">\n        <div class=\"tb_text_wrap\" >\n\tBienvenue    <\/div>\n<\/div>\n<!-- \/module plain text -->    <!-- module buttons -->\n    <div  class=\"module module-buttons tb_lhzp504 normal solid rounded  \">\n\t        \t<div class=\"module-buttons\">\n                            <div class=\"module-buttons-item  buttons-horizontal\">\n\t\t    \t\t\t<a href=\"https:\/\/lutteurs-aigle.ch\/?page_id=21\" class=\"ui builder_button tb_default_color\" >\n\t\t    \t\t    \t\t\t<span>Nos entra\u00eenements<\/span>\n\t\t    \t\t    \t\t\t<\/a>\n\t\t                    <\/div>\n                    <\/div>\n    <\/div>\n    <!-- \/module buttons -->\n\t        <\/div>\n\t    \t<\/div>\n\t\t    <\/div>\n\t    <!-- \/row_inner -->\n\t<\/div>\n\t<!-- \/module_row -->\n\t\t<!-- module_row -->\n\t<div   class=\"themify_builder_row module_row clearfix module_row_1 themify_builder_13_row module_row_13-1 tb_r9uc441\">\n\t    \t    <div class=\"row_inner col_align_top\" >\n\t\t\t<div  class=\"module_column tb-column col2-1 first tb_13_column module_column_0 module_column_13-1-0 tb_9x4o442\" style=\"width: 55.8%\">\n\t    \t    \t        <div class=\"tb-column-inner\">\n\t\t    <!-- module plain text -->\n<div  class=\"module module-plain-text tb_hlk1194  \">\n        <div class=\"tb_text_wrap\" >\n\tA propos de notre club    <\/div>\n<\/div>\n<!-- \/module plain text --><!-- module text -->\n<div  class=\"module module-text tb_b3o7663    \">\n            <div  class=\"tb_text_wrap\">\n    <p>Notre club, fond\u00e9 en 1946, a pour but de promouvoir notre sport qu&rsquo;est la lutte suisse. Il compte une septantaine de membres dont 25 jusqu&rsquo;\u00e0 20 ans. Il compte \u00e9galement 45 membres de l&rsquo;amicale des gratte-sciure.<\/p>    <\/div>\n<\/div>\n<!-- \/module text -->\n\t        <\/div>\n\t    \t<\/div>\n\t\t<div  class=\"module_column tb-column col2-1 last tb_13_column module_column_1 module_column_13-1-1 tb_oc7w443 fullcover\" style=\"width: 41%\" >\n\t    \t    \t<\/div>\n\t\t    <\/div>\n\t    <!-- \/row_inner -->\n\t<\/div>\n\t<!-- \/module_row -->\n\t\t<!-- module_row -->\n\t<div  class=\"themify_builder_row module_row clearfix module_row_2 themify_builder_13_row module_row_13-2 tb_b6ug99\">\n\t    \t    <div class=\"row_inner col_align_top\" >\n\t\t\t<div  class=\"module_column tb-column col-full first tb_13_column module_column_0 module_column_13-2-0 tb_rtl2102 fullcover\" >\n\t    \t    \t<\/div>\n\t\t    <\/div>\n\t    <!-- \/row_inner -->\n\t<\/div>\n\t<!-- \/module_row -->\n\t\t<!-- module_row -->\n\t<div   class=\"themify_builder_row module_row clearfix module_row_3 themify_builder_13_row module_row_13-3 tb_9o1s705\">\n\t    \t    <div class=\"row_inner col_align_top\" >\n\t\t\t<div  class=\"module_column tb-column col-full first tb_13_column module_column_0 module_column_13-3-0 tb_hirf705 fullcover\" >\n\t    \t    \t        <div class=\"tb-column-inner\">\n\t\t        <!-- module box -->\n    <div  class=\"module module-box tb_7fr0151  \">\n\t                <div class=\"module-box-content ui  tb_default_color \">\n\t    <div class=\"tb_text_wrap\"><div class=\"wrapper\">\n<div class=\"flex\">\n<div class=\"container-block\">\n<div class=\"flex container-block-image\"><img decoding=\"async\" class=\"fete-image\" src=\"http:\/\/lutteurs-aigle.ch\/wp-content\/uploads\/2024\/05\/image_lutters.png\" alt=\"image de lutteurs\" \/><\/div>\n<\/div>\n<div class=\"flex container-block right-container\">\n<div class=\"container-block-text\">\n<p class=\"fete-paragraph\">Rejoignez nous sur les r\u00e9seaux sociaux pour rester toujours inform\u00e9 des \u00e9v\u00e9nements<\/p>\n<\/div>\n<div class=\"flex icons\">\n<div class=\"icons-logo\"><a href=\"https:\/\/www.facebook.com\/lutteaigle\" target=\"_blank\"><br \/><img decoding=\"async\" class=\"fete-image-logo\" src=\"https:\/\/cdn.freebiesupply.com\/logos\/large\/2x\/facebook-logo-2019.png\" alt=\"logo_facebook\" \/><br \/><\/a><\/div>\n<div class=\"icons-logo\"><a href=\"https:\/\/www.instagram.com\/lutteurs_aigle\/\" target=\"_blank\"><br \/><img decoding=\"async\" class=\"fete-image-logo\" src=\"https:\/\/lh3.googleusercontent.com\/proxy\/oNTjoYoASVVlr1vNFTgSzwT2EQFTuUJCYnosh07q1rQbeIihL4kfL1_Z23HMD6t4trzV7kL0giLscs3Yehs9HDxj_QJQGE2eRMasjTErFxxn_dHDAaxGWTZWkVropxPm0v9d5ngpPcDfS9BQPMJKiaU0pzKI_nCIOJSDLKB4Oa9K4uLrDIvR\" alt=\"logo_instagram\" \/><br \/><\/a><\/div>\n<\/div>\n<div class=\"flex-container-map\"><iframe loading=\"lazy\" class=\"iframe-map\" style=\"border: 0;\" src=\"https:\/\/www.google.com\/maps\/embed?pb=!1m18!1m12!1m3!1d2755.4489340860905!2d6.965017976643388!3d46.32078067587993!2m3!1f0!2f0!3f0!3m2!1i1024!2i768!4f13.1!3m3!1m2!1s0x478e97cec7e2e46d%3A0x9abd1599955c157e!2sSalle%20Des%20Glariers!5e0!3m2!1sfr!2sch!4v1711993488890!5m2!1sfr!2sch\" width=\"600\" height=\"450\" allowfullscreen=\"allowfullscreen\"><\/iframe><\/div>\n<\/div>\n<\/div>\n<\/div>\n<p>&nbsp;<\/p>\n<\/div>\n        <\/div>\n    <\/div>\n    <!-- \/module box -->\n\t        <\/div>\n\t    \t<\/div>\n\t\t    <\/div>\n\t    <!-- \/row_inner -->\n\t<\/div>\n\t<!-- \/module_row -->\n\t\t<!-- module_row -->\n\t<div   class=\"themify_builder_row module_row clearfix builder-parallax-scrolling module_row_4 themify_builder_13_row module_row_13-4 tb_54s8195\">\n\t    \t    <div class=\"row_inner col_align_top\" >\n\t\t\t<div  class=\"module_column tb-column col-full first tb_13_column module_column_0 module_column_13-4-0 tb_fwea199\">\n\t    \t    \t        <div class=\"tb-column-inner\">\n\t\t    <!-- module plain text -->\n<div  class=\"module module-plain-text tb_epdj148  \">\n        <div class=\"tb_text_wrap\" >\n\tLe comit\u00e9    <\/div>\n<\/div>\n<!-- \/module plain text -->\t        <\/div>\n\t    \t<\/div>\n\t\t    <\/div>\n\t    <!-- \/row_inner -->\n\t<\/div>\n\t<!-- \/module_row -->\n\t\t<!-- module_row -->\n\t<div  class=\"themify_builder_row module_row clearfix module_row_5 themify_builder_13_row module_row_13-5 tb_zdnm615\">\n\t    \t    <div class=\"row_inner col_align_top\" >\n\t\t\t<div  class=\"module_column tb-column col-full first tb_13_column module_column_0 module_column_13-5-0 tb_wtyt618\">\n\t    \t    \t        <div class=\"tb-column-inner\">\n\t\t    <!-- module plain text -->\n<div  class=\"module module-plain-text tb_qgf6571  \">\n        <div class=\"tb_text_wrap\" >\n\tL&rsquo;agenda    <\/div>\n<\/div>\n<!-- \/module plain text --><!-- module text -->\n<div  class=\"module module-text tb_9pwe588    \">\n            <div  class=\"tb_text_wrap\">\n        <\/div>\n<\/div>\n<!-- \/module text -->\n    <!-- module buttons -->\n    <div  class=\"module module-buttons tb_d6fi714 normal solid rounded  \">\n\t        \t<div class=\"module-buttons\">\n                            <div class=\"module-buttons-item  buttons-horizontal\">\n\t\t    \t\t\t<a href=\"https:\/\/esv.ch\/fr\/calendrier\/\" class=\"ui builder_button tb_default_color\" >\n\t\t    \t\t    \t\t\t<span>Calendrier des f\u00eates<\/span>\n\t\t    \t\t    \t\t\t<\/a>\n\t\t                    <\/div>\n                    <\/div>\n    <\/div>\n    <!-- \/module buttons -->\n\t        <\/div>\n\t    \t<\/div>\n\t\t    <\/div>\n\t    <!-- \/row_inner -->\n\t<\/div>\n\t<!-- \/module_row -->\n\t\t<!-- module_row -->\n\t<div   class=\"themify_builder_row module_row clearfix module_row_6 themify_builder_13_row module_row_13-6 tb_4g2t811\">\n\t    \t    <div class=\"row_inner col_align_top\" >\n\t\t\t<div  class=\"module_column tb-column col-full first tb_13_column module_column_0 module_column_13-6-0 tb_g51h813\">\n\t    \t    \t        <div class=\"tb-column-inner\">\n\t\t    <!-- module plain text -->\n<div  class=\"module module-plain-text tb_53yu409  \">\n        <div class=\"tb_text_wrap\" >\n\tR\u00e9sultats de nos sportifs    <\/div>\n<\/div>\n<!-- \/module plain text -->    <!-- module post -->\n    <div  class=\"module module-post tb_xv3k773 \">\n                <div class=\"builder-posts-wrap clearfix loops-wrapper  grid3\">\n            \n\n<article id=\"post-1125\" class=\"post clearfix post-1125 type-post status-publish format-standard hentry category-fete-de-lutte-suisse-feminine has-post-title no-post-date has-post-category has-post-tag has-post-comment has-post-author   cat-9\">\n\t\n            <a href=\"https:\/\/lutteurs-aigle.ch\/?p=1125\" data-post-permalink=\"yes\" style=\"display: none;\"><\/a>\n    \n\t\n\t\n\t\n\t\t\n\t\n\t\n\t<div class=\"post-content\">\n\t\t<div class=\"post-content-inner\">\n\n\t\t\t\n\t\t\t\t\t\t\t <h2 class=\"post-title entry-title\"><a href=\"https:\/\/lutteurs-aigle.ch\/?p=1125\">F\u00eate de lutte suisse f\u00e9minine 25.05.2025 &#8211; Brig VS<\/a> <\/h2>\t\t\t\n\t\t\t\t\t\t\t<p class=\"post-meta entry-meta\">\n\t\t\t\t\t\t\t\t\t\t\t<span class=\"post-author\"><span class=\"author vcard\"><a class=\"url fn n\" href=\"https:\/\/lutteurs-aigle.ch\/?author=0\" rel=\"author\"><\/a><\/span><\/span>\n\t\t\t\t\t\n\t\t\t\t\t\t\t\t\t\t\t <span class=\"post-category\"><a href=\"https:\/\/lutteurs-aigle.ch\/?cat=9\" rel=\"tag\" class=\"term-fete-de-lutte-suisse-feminine\">F\u00eate de lutte suisse f\u00e9minine<\/a><\/span>\t\t\t\t\t\n\t\t\t\t\t\t\t\t\t\t\t\t\t\t\t\t\n\t\t\t\t\t\t\t\t\t<\/p>\n\t\t\t\t<!-- \/post-meta -->\n\t\t\t\n\t\t\t\n\t\t\t<div class=\"entry-content\">\n\n\t\t\t\t\n\t\t\t\t\n\t\t\t<\/div><!-- \/.entry-content -->\n\n\t\t\t\n\t\t<\/div>\n\t\t<!-- \/.post-content-inner -->\n\t<\/div>\n\t<!-- \/.post-content -->\n\t\n<\/article>\n<!-- \/.post -->\n\n\n<article id=\"post-1122\" class=\"post clearfix post-1122 type-post status-publish format-standard hentry category-fete-regionale has-post-title no-post-date has-post-category has-post-tag has-post-comment has-post-author   cat-5\">\n\t\n            <a href=\"https:\/\/lutteurs-aigle.ch\/?p=1122\" data-post-permalink=\"yes\" style=\"display: none;\"><\/a>\n    \n\t\n\t\n\t\n\t\t\n\t\n\t\n\t<div class=\"post-content\">\n\t\t<div class=\"post-content-inner\">\n\n\t\t\t\n\t\t\t\t\t\t\t <h2 class=\"post-title entry-title\"><a href=\"https:\/\/lutteurs-aigle.ch\/?p=1122\">F\u00eate r\u00e9gionale 24.05.2025 &#8211; Brig VS<\/a> <\/h2>\t\t\t\n\t\t\t\t\t\t\t<p class=\"post-meta entry-meta\">\n\t\t\t\t\t\t\t\t\t\t\t<span class=\"post-author\"><span class=\"author vcard\"><a class=\"url fn n\" href=\"https:\/\/lutteurs-aigle.ch\/?author=0\" rel=\"author\"><\/a><\/span><\/span>\n\t\t\t\t\t\n\t\t\t\t\t\t\t\t\t\t\t <span class=\"post-category\"><a href=\"https:\/\/lutteurs-aigle.ch\/?cat=5\" rel=\"tag\" class=\"term-fete-regionale\">F\u00eate r\u00e9gionale<\/a><\/span>\t\t\t\t\t\n\t\t\t\t\t\t\t\t\t\t\t\t\t\t\t\t\n\t\t\t\t\t\t\t\t\t<\/p>\n\t\t\t\t<!-- \/post-meta -->\n\t\t\t\n\t\t\t\n\t\t\t<div class=\"entry-content\">\n\n\t\t\t\t\n\t\t\t\t\n\t\t\t<\/div><!-- \/.entry-content -->\n\n\t\t\t\n\t\t<\/div>\n\t\t<!-- \/.post-content-inner -->\n\t<\/div>\n\t<!-- \/.post-content -->\n\t\n<\/article>\n<!-- \/.post -->\n\n\n<article id=\"post-1118\" class=\"post clearfix post-1118 type-post status-publish format-standard hentry category-fete-regionale has-post-title no-post-date has-post-category has-post-tag has-post-comment has-post-author   cat-5\">\n\t\n            <a href=\"https:\/\/lutteurs-aigle.ch\/?p=1118\" data-post-permalink=\"yes\" style=\"display: none;\"><\/a>\n    \n\t\n\t\n\t\n\t\t\n\t\n\t\n\t<div class=\"post-content\">\n\t\t<div class=\"post-content-inner\">\n\n\t\t\t\n\t\t\t\t\t\t\t <h2 class=\"post-title entry-title\"><a href=\"https:\/\/lutteurs-aigle.ch\/?p=1118\">F\u00eate r\u00e9gionale 18.05.2025 &#8211; Cottens FR<\/a> <\/h2>\t\t\t\n\t\t\t\t\t\t\t<p class=\"post-meta entry-meta\">\n\t\t\t\t\t\t\t\t\t\t\t<span class=\"post-author\"><span class=\"author vcard\"><a class=\"url fn n\" href=\"https:\/\/lutteurs-aigle.ch\/?author=0\" rel=\"author\"><\/a><\/span><\/span>\n\t\t\t\t\t\n\t\t\t\t\t\t\t\t\t\t\t <span class=\"post-category\"><a href=\"https:\/\/lutteurs-aigle.ch\/?cat=5\" rel=\"tag\" class=\"term-fete-regionale\">F\u00eate r\u00e9gionale<\/a><\/span>\t\t\t\t\t\n\t\t\t\t\t\t\t\t\t\t\t\t\t\t\t\t\n\t\t\t\t\t\t\t\t\t<\/p>\n\t\t\t\t<!-- \/post-meta -->\n\t\t\t\n\t\t\t\n\t\t\t<div class=\"entry-content\">\n\n\t\t\t\t\n\t\t\t\t\n\t\t\t<\/div><!-- \/.entry-content -->\n\n\t\t\t\n\t\t<\/div>\n\t\t<!-- \/.post-content-inner -->\n\t<\/div>\n\t<!-- \/.post-content -->\n\t\n<\/article>\n<!-- \/.post -->\n        <\/div><!-- .builder-posts-wrap -->\n                    <\/div>\n    <!-- \/module post -->\n\n    <!-- module buttons -->\n    <div  class=\"module module-buttons tb_0ry2582 normal solid rounded  \">\n\t        \t<div class=\"module-buttons\">\n                            <div class=\"module-buttons-item  buttons-horizontal\">\n\t\t    \t\t\t<a href=\"https:\/\/lutteurs-aigle.ch\/?page_id=19\" class=\"ui builder_button tb_default_color\" >\n\t\t    \t\t    \t\t\t<span>Plus d'actualit\u00e9s<\/span>\n\t\t    \t\t    \t\t\t<\/a>\n\t\t                    <\/div>\n                    <\/div>\n    <\/div>\n    <!-- \/module buttons -->\n\t        <\/div>\n\t    \t<\/div>\n\t\t    <\/div>\n\t    <!-- \/row_inner -->\n\t<\/div>\n\t<!-- \/module_row -->\n\t\t<!-- module_row -->\n\t<div   class=\"themify_builder_row module_row clearfix builder-parallax-scrolling module_row_7 themify_builder_13_row module_row_13-7 tb_gei0804\">\n\t    \t    <div class=\"row_inner col_align_top\" >\n\t\t\t<div  class=\"module_column tb-column col-full first tb_13_column module_column_0 module_column_13-7-0 tb_ba5m808\">\n\t    \t    \t        <div class=\"tb-column-inner\">\n\t\t    <!-- module plain text -->\n<div  class=\"module module-plain-text tb_xi4y83  \">\n        <div class=\"tb_text_wrap\" >\n\tNous contacter    <\/div>\n<\/div>\n<!-- \/module plain text -->    <!-- module buttons -->\n    <div  class=\"module module-buttons tb_w6ip54 normal solid rounded  \">\n\t        \t<div class=\"module-buttons\">\n                            <div class=\"module-buttons-item  buttons-horizontal\">\n\t\t    \t\t\t<a href=\"https:\/\/lutteurs-aigle.ch\/?page_id=166\" class=\"ui builder_button tb_default_color\" >\n\t\t    \t\t    \t\t\t<span>Nous contacter<\/span>\n\t\t    \t\t    \t\t\t<\/a>\n\t\t                    <\/div>\n                    <\/div>\n    <\/div>\n    <!-- \/module buttons -->\n\t        <\/div>\n\t    \t<\/div>\n\t\t    <\/div>\n\t    <!-- \/row_inner -->\n\t<\/div>\n\t<!-- \/module_row -->\n\t<\/div>\n","protected":false},"excerpt":{"rendered":"<p>Bienvenue Nos entra\u00eenements A propos de notre club Notre club, fond\u00e9 en 1946, a pour but de promouvoir notre sport qu&rsquo;est la lutte suisse. Il compte une septantaine de membres dont 25 jusqu&rsquo;\u00e0 20 ans. Il compte \u00e9galement 45 membres de l&rsquo;amicale des gratte-sciure. Rejoignez nous sur les r\u00e9seaux sociaux pour rester toujours inform\u00e9 des [&hellip;]<\/p>\n","protected":false},"author":1,"featured_media":0,"parent":0,"menu_order":0,"comment_status":"closed","ping_status":"closed","template":"","meta":[],"builder_content":"Bienvenue\n<a href=\"https:\/\/lutteurs-aigle.ch\/?page_id=21\" > Nos entra\u00eenements <\/a>\nA propos de notre club\n<p>Notre club, fond\u00e9 en 1946, a pour but de promouvoir notre sport qu'est la lutte suisse. Il compte une septantaine de membres dont 25 jusqu'\u00e0 20 ans. Il compte \u00e9galement 45 membres de l'amicale des gratte-sciure.<\/p>\n<img decoding=\"async\" src=\"http:\/\/lutteurs-aigle.ch\/wp-content\/uploads\/2024\/05\/image_lutters.png\" alt=\"image de lutteurs\" \/>\n<p>Rejoignez nous sur les r\u00e9seaux sociaux pour rester toujours inform\u00e9 des \u00e9v\u00e9nements<\/p>\n<a href=\"https:\/\/www.facebook.com\/lutteaigle\" target=\"_blank\"><br \/><img decoding=\"async\" src=\"https:\/\/cdn.freebiesupply.com\/logos\/large\/2x\/facebook-logo-2019.png\" alt=\"logo_facebook\" \/><br \/><\/a> <a href=\"https:\/\/www.instagram.com\/lutteurs_aigle\/\" target=\"_blank\"><br \/><img decoding=\"async\" src=\"https:\/\/lh3.googleusercontent.com\/proxy\/oNTjoYoASVVlr1vNFTgSzwT2EQFTuUJCYnosh07q1rQbeIihL4kfL1_Z23HMD6t4trzV7kL0giLscs3Yehs9HDxj_QJQGE2eRMasjTErFxxn_dHDAaxGWTZWkVropxPm0v9d5ngpPcDfS9BQPMJKiaU0pzKI_nCIOJSDLKB4Oa9K4uLrDIvR\" alt=\"logo_instagram\" \/><br \/><\/a>\n<iframe loading=\"lazy\" style=\"border: 0;\" src=\"https:\/\/www.google.com\/maps\/embed?pb=!1m18!1m12!1m3!1d2755.4489340860905!2d6.965017976643388!3d46.32078067587993!2m3!1f0!2f0!3f0!3m2!1i1024!2i768!4f13.1!3m3!1m2!1s0x478e97cec7e2e46d%3A0x9abd1599955c157e!2sSalle%20Des%20Glariers!5e0!3m2!1sfr!2sch!4v1711993488890!5m2!1sfr!2sch\" width=\"600\" height=\"450\" allowfullscreen=\"allowfullscreen\"><\/iframe>\n<p>&nbsp;<\/p>\nLe comit\u00e9\nL'agenda\n\n<a href=\"https:\/\/esv.ch\/fr\/calendrier\/\" > Calendrier des f\u00eates <\/a>\nR\u00e9sultats de nos sportifs\n\n<a href=\"https:\/\/lutteurs-aigle.ch\/?page_id=19\" > Plus d'actualit\u00e9s <\/a>\nNous contacter\n<a href=\"https:\/\/lutteurs-aigle.ch\/?page_id=166\" > Nous contacter <\/a>","_links":{"self":[{"href":"https:\/\/lutteurs-aigle.ch\/index.php?rest_route=\/wp\/v2\/pages\/13"}],"collection":[{"href":"https:\/\/lutteurs-aigle.ch\/index.php?rest_route=\/wp\/v2\/pages"}],"about":[{"href":"https:\/\/lutteurs-aigle.ch\/index.php?rest_route=\/wp\/v2\/types\/page"}],"author":[{"embeddable":true,"href":"https:\/\/lutteurs-aigle.ch\/index.php?rest_route=\/wp\/v2\/users\/1"}],"replies":[{"embeddable":true,"href":"https:\/\/lutteurs-aigle.ch\/index.php?rest_route=%2Fwp%2Fv2%2Fcomments&post=13"}],"version-history":[{"count":33,"href":"https:\/\/lutteurs-aigle.ch\/index.php?rest_route=\/wp\/v2\/pages\/13\/revisions"}],"predecessor-version":[{"id":998,"href":"https:\/\/lutteurs-aigle.ch\/index.php?rest_route=\/wp\/v2\/pages\/13\/revisions\/998"}],"wp:attachment":[{"href":"https:\/\/lutteurs-aigle.ch\/index.php?rest_route=%2Fwp%2Fv2%2Fmedia&parent=13"}],"curies":[{"name":"wp","href":"https:\/\/api.w.org\/{rel}","templated":true}]}}